592 a multiple of 36?
False
Is 11470 a multiple of 3?
False
Is 285293 a multiple of 236?
False
Is 13 a factor of 2369786?
False
Does 33 divide 1012242?
True
Is 1458124 a multiple of 41?
True
Is 14 a factor of 11492992?
True
Is 560 a factor of 177034?
False
Does 12 divide 40656?
True
Is 36 a factor of 2027606?
False
Does 409 divide 4047055?
True
Is 12 a factor of 2955?
False
Is 352698 a multiple of 58?
True
Is 12 a factor of 874986?
False
Is 3847832 a multiple of 58?
False
Does 33 divide 2244792?
True
Does 1085 divide 2378326?
False
Does 106 divide 3286?
True
Is 180 a factor of 1867860?
True
Is 806208 a multiple of 78?
True
Does 18 divide 1025536?
False
Does 24 divide 3276522?
False
Is 4 a factor of 698?
False
Is 16 a factor of 960640?
True
Is 122 a factor of 88816?
True
Is 36 a factor of 70976?
False
Is 73908 a multiple of 12?
True
Does 15 divide 216165?
True
Is 1863518 a multiple of 17?
False
Is 5798862 a multiple of 18?
True
Is 537579 a multiple of 69?
True
Is 28579 a multiple of 991?
False
Does 100 divide 13983138?
False
Is 999 a factor of 8641734?
False
Does 498 divide 228582?
True
Does 6 divide 60105?
False
Does 69 divide 665876?
False
Is 1914000 a multiple of 165?
True
Does 65 divide 3107195?
True
Is 11 a factor of 521791?
False
Is 16863453 a multiple of 280?
False
Is 62463 a multiple of 47?
True
Does 773 divide 16013468?
True
Is 82 a factor of 86674?
True
Is 137 a factor of 3228406?
False
Is 62375 a multiple of 125?
True
Is 43470 a multiple of 70?
True
Is 4884919 a multiple of 82?
False
Is 53860 a multiple of 238?
False
Is 3840393 a multiple of 49?
False
Is 122 a factor of 90768?
True
Is 3793835 a multiple of 266?
False
Is 52 a factor of 5742464?
True
Does 73 divide 101659?
False
Is 143 a factor of 3044412?
False
Is 2054 a factor of 118063?
False
Is 259 a factor of 300105?
False
Is 55 a factor of 39820?
True
Is 486 a factor of 360675?
False
Is 3230 a multiple of 95?
True
Is 15528 a multiple of 8?
True
Is 32 a factor of 950971?
False
Is 41364864 a multiple of 27?
True
Does 80 divide 29496?
False
Is 219 a factor of 140578?
False
Is 11 a factor of 238282?
True
Does 12 divide 14841700?
False
Does 130 divide 39000?
True
Does 169 divide 5718400?
False
Does 170 divide 904740?
True
Is 1848180 a multiple of 15?
True
Is 116 a factor of 1946480?
True
Is 170 a factor of 1247722?
False
Is 252 a factor of 901478?
False
Does 194 divide 12695748?
True
Does 256 divide 5268480?
True
Is 66 a factor of 893341?
False
Is 68 a factor of 122375?
False
Is 144050 a multiple of 134?
True
Is 255 a factor of 150448?
False
Is 253725 a multiple of 75?
True
Is 135152 a multiple of 10?
False
Is 388 a factor of 1409524?
False
Is 1280260 a multiple of 416?
False
Does 24 divide 93327?
False
Is 10284978 a multiple of 66?
True
Is 32 a factor of 497786?
False
Is 13 a factor of 854517?
False
Is 29302 a multiple of 46?
True
Is 316 a factor of 1198830?
False
Is 8496 a multiple of 16?
True
Is 70 a factor of 2356975?
False
Is 2483855 a multiple of 11?
True
Is 29615 a multiple of 25?
False
Is 413 a factor of 159005?
True
Is 11 a factor of 238645?
True
Is 685 a factor of 41785?
True
Is 999897 a multiple of 79?
False
Does 129 divide 111683?
False
Does 149 divide 15297532?
True
Does 613 divide 42297?
True
Does 26 divide 440742?
False
Does 246 divide 4114842?
True
Is 288 a factor of 1243008?
True
Is 100 a factor of 22402?
False
Is 5956862 a multiple of 23?
True
Does 164 divide 25624?
False
Is 1009400 a multiple of 103?
True
Does 129 divide 132789?
False
Is 98784 a multiple of 147?
True
Is 210570 a multiple of 36?
False
Does 147 divide 163464?
True
Does 110 divide 286795?
False
Is 17 a factor of 6071754?
True
Does 21 divide 657678?
True
Is 273859 a multiple of 32?
False
Is 5955074 a multiple of 413?
False
Does 13 divide 782600?
True
Is 146095 a multiple of 5?
True
Is 518188 a multiple of 71?
False
Is 63 a factor of 178328?
False
Is 270 a factor of 4574142?
False
Does 338 divide 1271556?
True
Is 1319454 a multiple of 8?
False
Is 241456 a multiple of 238?
False
Is 16 a factor of 14425?
False
Does 8 divide 14288?
True
Is 91253 a multiple of 255?
False
Is 358704 a multiple of 12?
True
Does 9 divide 64854?
True
Does 71 divide 112819?
True
Is 222 a factor of 360528?
True
Does 69 divide 597540?
True
Does 12 divide 156277?
False
Is 10 a factor of 94490?
True
Is 22 a factor of 152152?
True
Is 30 a factor of 3441000?
True
Is 29273396 a multiple of 38?
False
Is 175270 a multiple of 17?
True
Does 15 divide 60361?
False
Is 38 a factor of 1986039?
False
Does 99 divide 329991?
False
Is 18072 a multiple of 17?
False
Is 6 a factor of 79638?
True
Is 277 a factor of 182238?
False
Does 2 divide 24760?
True
Is 291357 a multiple of 9?
True
Is 120 a factor of 353400?
True
Is 68027 a multiple of 1068?
False
Is 189 a factor of 23706?
False
Does 15 divide 7231914?
False
Is 10 a factor of 615810?
True
Is 45 a factor of 934316?
False
Does 22 divide 5103626?
True
Is 8430317 a multiple of 21?
False
Is 184644 a multiple of 446?
True
Is 2657772 a multiple of 6?
True
Does 949 divide 18057260?
False
Does 51 divide 236411?
False
Is 28 a factor of 30664?
False
Does 63 divide 4073173?
False
Does 90 divide 228240?
True
Is 14 a factor of 695912?
True
Is 903216 a multiple of 142?
False
Does 408 divide 366384?
True
Is 10 a factor of 1014330?
True
Does 9 divide 48006?
True
Is 12 a factor of 15117450?
False
Does 152 divide 133669?
False
Is 2 a factor of 20720?
True
Is 1364214 a multiple of 813?
True
Is 221 a factor of 106602?
False
Does 6 divide 9138?
True
Does 41 divide 280532?
False
Does 5 divide 79779?
False
Is 10421138 a multiple of 13?
True
Does 26 divide 4617649?
False
Is 8770362 a multiple of 642?
True
Does 36 divide 33700?
False
Does 51 divide 390442?
False
Is 526965 a multiple of 19?
True
Is 13854 a multiple of 6?
True
Is 20 a factor of 630042?
False
Is 194828 a multiple of 4?
True
Does 4 divide 119942?
False
Is 831 a factor of 2422365?
True
Does 35 divide 28594510?
True
Is 6623172 a multiple of 20?
False
Does 100 divide 71663?
False
Is 97048 a multiple of 15?
False
Does 2 divide 1294568?
True
Is 11 a factor of 188804?
True
Is 13 a factor of 1532791?
True
Is 5076645 a multiple of 7?
True
Is 391732 a multiple of 58?
True
Is 326196 a multiple of 26?
True
Does 213 divide 172353?
False
Does 84 divide 2375491?
False
Is 4532278 a multiple of 23?
False
Is 21 a factor of 58527?
True
Is 70 a factor of 81760?
True
Does 14 divide 2450?
True
Is 11 a factor of 5510710?
False
Does 42 divide 552354?
False
Is 511424 a multiple of 3?
False
Does 2314 divide 21514698?
False
Does 442 divide 253785?
False
Is 292500 a multiple of 585?
True
Is 15 a factor of 444055?
False
Is 8 a factor of 209866?
False
Is 107 a factor of 192707?
True
Does 400 divide 2619275?
False
Is 188 a factor of 73716?
False
Does 352 divide 503712?
True
Is 111 a factor of 1823175?
True
Does 23 divide 2443014?
True
Is 216239 a multiple of 249?
False
Is 110 a factor of 3635518?
False
Is 702 a factor of 1139346?
True
Does 92 divide 834900?
True
Is 16 a factor of 966128?
True
Does 112 divide 99344?
True
Does 16 divide 1450562?
False
Is 429548 a multiple of 14?
True
Is 4 a factor of 13108?
True
Is 4629602 a multiple of 21?
False
Does 33 divide 134475?
True
Is 1761524 a multiple of 88?
False
Does 90 divide 8869523?
False
Does 2 divide 925836?
True
Does 19 divide 25536?
True
Is 5 a factor of 44545?
True
Does 42 divide 1345?
False
Is 235789 a multiple of 497?
False
Does 39 divide 154181?
False
Is 340 a factor of 495814?
False
Does 65 divide 219115?
True
Is 93 a factor of 4215316?
False
Is 1754507 a multiple of 32?
False
Is 11 a factor of 151448?
True
Is 959327 a multiple of 66?
False
Is 123525 a multiple of 5?
True
Is 2790242 a multiple of 11?
False
Is 43016 a multiple of 152?
True
Does 76 divide 838421?
False
Is 51816 a multiple of 12?
True
Is 589 a factor of 3613515?
True
Does 2258 divide 3771800?
False
Does 62 divide 2588188?
False
Does 239 divide 1315276?
False
Does 48 divide 40757?
False
Is 1421580 a multiple of 129?
True
Does 27 divide 1607050?
False
Is 48720 a multiple of 15?
True
Does 19 divide 16948616?
False
Is 5 a factor of 54260?
True
Is 53 a factor of 76108?
True
Is 102828 a multiple of 76?
True
Is 327 a factor of 251277?
False
Is 14 a factor of 645008?
True
Is